 the thousands digit of 7718383?
8
What is the hundreds digit of 276321?
3
What is the thousands digit of 425121?
5
What is the ten thousands digit of 687718?
8
What is the thousands digit of 210735?
0
What is the tens digit of 1204546?
4
What is the hundred thousands digit of 11882108?
8
What is the tens digit of 80883?
8
What is the hundred thousands digit of 623390?
6
What is the ten thousands digit of 588756?
8
What is the thousands digit of 1294731?
4
What is the hundred thousands digit of 4171514?
1
What is the tens digit of 1087510?
1
What is the hundreds digit of 627334?
3
What is the tens digit of 25860229?
2
What is the ten thousands digit of 127511?
2
What is the thousands digit of 104285?
4
What is the ten thousands digit of 64180?
6
What is the ten thousands digit of 1192708?
9
What is the ten thousands digit of 46090?
4
What is the hundred thousands digit of 723859?
7
What is the units digit of 552733?
3
What is the units digit of 5782718?
8
What is the thousands digit of 57413?
7
What is the hundred thousands digit of 398055?
3
What is the millions digit of 7657036?
7
What is the ten thousands digit of 129138?
2
What is the thousands digit of 249104?
9
What is the units digit of 400951?
1
What is the hundred thousands digit of 14347700?
3
What is the tens digit of 2837617?
1
What is the ten thousands digit of 184168?
8
What is the tens digit of 104265?
6
What is the thousands digit of 372858?
2
What is the thousands digit of 64385?
4
What is the ten thousands digit of 1653817?
5
What is the ten thousands digit of 94871?
9
What is the hundred thousands digit of 216215?
2
What is the ten thousands digit of 615176?
1
What is the ten thousands digit of 55096?
5
What is the thousands digit of 140618?
0
What is the millions digit of 1350544?
1
What is the tens digit of 18081370?
7
What is the hundreds digit of 949167?
1
What is the millions digit of 3456832?
3
What is the tens digit of 1673336?
3
What is the units digit of 41427?
7
What is the hundreds digit of 2320617?
6
What is the hundreds digit of 6934982?
9
What is the hundred thousands digit of 297725?
2
What is the units digit of 89169?
9
What is the thousands digit of 8870372?
0
What is the thousands digit of 11223932?
3
What is the hundreds digit of 9076378?
3
What is the millions digit of 1670837?
1
What is the units digit of 1290575?
5
What is the thousands digit of 1882905?
2
What is the thousands digit of 7191578?
1
What is the hundred thousands digit of 1081257?
0
What is the hundreds digit of 1137016?
0
What is the ten millions digit of 11904583?
1
What is the millions digit of 22092373?
2
What is the thousands digit of 110355?
0
What is the hundred thousands digit of 29074530?
0
What is the tens digit of 2779831?
3
What is the hundreds digit of 112673?
6
What is the hundred thousands digit of 267108?
2
What is the hundreds digit of 23006007?
0
What is the thousands digit of 202692?
2
What is the ten millions digit of 29751332?
2
What is the units digit of 442959?
9
What is the ten thousands digit of 288632?
8
What is the thousands digit of 115527?
5
What is the hundreds digit of 394659?
6
What is the units digit of 1124533?
3
What is the units digit of 252049?
9
What is the tens digit of 26741?
4
What is the ten thousands digit of 4314938?
1
What is the ten millions digit of 39740233?
3
What is the hundred thousands digit of 626683?
6
What is the hundreds digit of 31068693?
6
What is the hundred thousands digit of 4717755?
7
What is the tens digit of 28839281?
8
What is the millions digit of 15714460?
5
What is the tens digit of 7706163?
6
What is the hundreds digit of 541601?
6
What is the ten thousands digit of 321655?
2
What is the hundreds digit of 10041?
0
What is the units digit of 9075884?
4
What is the units digit of 1872903?
3
What is the ten thousands digit of 3829141?
2
What is the units digit of 11610763?
3
What is the thousands digit of 691094?
1
What is the tens digit of 679978?
7
What is the ten thousands digit of 297000?
9
What is the units digit of 1136398?
8
What is the tens digit of 1138567?
6
What is the tens digit of 688296?
9
What is the ten thousands digit of 188225?
8
What is the thousands digit of 9045170?
5
What is the tens digit of 84820?
2
What is the ten thousands digit of 2568886?
6
What is the units digit of 11848431?
1
What is the units digit of 430263?
3
What is the tens digit of 3552364?
6
What is the units digit of 2633630?
0
What is the units digit of 3812117?
7
What is the tens digit of 161700?
0
What is the tens digit of 211266?
6
What is the thousands digit of 191630?
1
What is the hundreds digit of 4449954?
9
What is the ten thousands digit of 13888772?
8
What is the thousands digit of 3670592?
0
What is the tens digit of 10360654?
5
What is the ten thousands digit of 48704?
4
What is the ten thousands digit of 7875978?
7
What is the units digit of 12013?
3
What is the hundred thousands digit of 3142911?
1
What is the hundred thousands digit of 941061?
9
What is the hundreds digit of 892533?
5
What is the hundreds digit of 239834?
8
What is the thousands digit of 7332768?
2
What is the units digit of 2393773?
3
What is the hundreds digit of 378977?
9
What is the thousands digit of 185047?
5
What is the tens digit of 1470730?
3
What is the ten thousands digit of 150169?
5
What is the hundreds digit of 7125085?
0
What is the hundreds digit of 486287?
2
What is the tens digit of 6219593?
9
What is the thousands digit of 598189?
8
What is the millions digit of 4243098?
4
What is the units digit of 996966?
6
What is the units digit of 1429378?
8
What is the thousands digit of 95631?
5
What is the tens digit of 1139739?
3
What is the millions digit of 11289551?
1
What is the tens digit of 2683308?
0
What is the hundred thousands digit of 185721?
1
What is the ten thousands digit of 1478239?
7
What is the millions digit of 13743488?
3
What is the thousands digit of 4349823?
9
What is the ten thousands digit of 2913129?
1
What is the units digit of 2188990?
0
What is the millions digit of 1431780?
1
What is the tens digit of 563949?
4
What is the tens digit of 563237?
3
What is the units digit of 182539?
9
What is the hundred thousands digit of 231315?
2
What is the units digit of 32890?
0
What is the tens digit of 36782153?
5
What is the ten millions digit of 13644416?
1
What is the thousands digit of 529958?
9
What is the hundreds digit of 2063928?
9
What is the units digit of 381362?
2
What is the hundred thousands digit of 210754?
2
What is the hundred thousands digit of 747357?
7
What is the hundred thousands digit of 201805?
2
What is the units digit of 1833981?
1
What is the ten thousands digit of 1899203?
9
What is the thousands digit of 10263323?
3
What is the hundreds digit of 425507?
5
What is the ten thousands digit of 40396349?
9
What is the units digit of 684808?
8
What is the tens digit of 1403826?
2
What is the units digit of 110270?
0
What is the millions digit of 9576950?
9
What is the tens digit of 907688?
8
What is the millions digit of 2383495?
2
What is the hundreds digit of 2701646?
6
What is the hundreds digit of 2650134?
1
What is the hundreds digit of 205097?
0
What is the ten thousands digit of 3918412?
1
What is the units digit of 27233012?
2
What is the hundreds digit of 943822?
8
What is the hundred thousands digit of 313365?
3
What is the hundred thousands digit of 517996?
5
What is the units digit of 4082993?
3
What is the hundred thousands digit of 1168857?
1
What is the ten thousands digit of 2320748?
2
What is the ten thousands digit of 1806028?
0
What is the tens digit of 6179419?
1
What is the hundreds digit of 6075792?
7
What is the hundreds digit of 6986922?
9
What is the ten millions digit of 20092252?
2
What is the hundred thousands digit of 27314875?
3
What is the hundred thousands digit of 802699?
8
What is the units digit of 3186581?
1
What is the millions digit of 1149237?
1
What is the thousands digit of 16975790?
5
What is the millions digit of 1089826?
1
What is the ten thousands digit of 4687986?
8
What is the millions digit of 1424538?
1
What is the thousands digit of 952169?
2
What is the thousands digit of 66465?
6
What is the units digit of 201661?
1
What is the hundred thousands 